What is q(0)?
6
Let t(o) = 44*o + 42. Determine t(-1).
-2
Let b(f) = f + 129. Determine b(-6).
123
Let h(g) = -355*g - 1776. What is h(-5)?
-1
Let t(d) = d**2 - 14*d - 11. Determine t(12).
-35
Let n(a) = 7*a**2 - 98*a - 501. Give n(-6).
339
Let s(b) = -128*b - 1786. Determine s(-14).
6
Let x(m) = -m**3 - 23*m**2 + 24*m + 14. What is x(-24)?
14
Let j(y) = y**3 - 15*y**2 - 14*y - 30. Give j(15).
-240
Let x(r) = -101*r + 2753. Calculate x(27).
26
Let t(d) = -2*d**2 + 8552*d + 77127. What is t(-9)?
-3
Let w(b) = -7*b**3 + 694*b**2 - 100*b + 88. Calculate w(99).
-11
Let z(h) = -h**3 - 41*h**2 - 366*h - 19. Calculate z(-13).
7
Let q(p) = -p**3 + 50*p**2 + 53*p - 93. Calculate q(51).
9
Let z(p) = -p**2 - 15*p + 40. Determine z(-14).
54
Let n(w) = -4*w**3 + 39*w**2 + 8*w + 13. Calculate n(10).
-7
Let s(n) = n**2 + 67*n + 178. What is s(-64)?
-14
Let j(u) = 17*u**2 + 1439*u - 526. Calculate j(-85).
-16
Let k(w) = 5*w**2 + 34*w - 12. Determine k(-6).
-36
Let d(c) = -2*c**3 + 61*c**2 - 28*c - 12. Give d(30).
48
Let f(p) = 51*p**2 - 1479*p + 9. Determine f(29).
9
Let t(g) = 62*g + 143. Calculate t(-5).
-167
Let n(q) = 3*q**2 + 85*q + 320. Calculate n(-24).
8
Let c(v) = 2*v**3 + 10*v**2 - 8*v + 8. Give c(-5).
48
Let q(s) = -s**3 + 4*s**2 + 19*s - 100. Calculate q(5).
-30
Let x(s) = 2*s**3 + 7*s**2 - 42*s + 13. What is x(3)?
4
Let n(h) = h**3 - 24*h**2 - 12*h - 189. Determine n(26).
851
Let y(t) = 51*t + 103. Calculate y(-3).
-50
Let y(p) = p**3 + 63*p**2 + 58*p - 334. What is y(-62)?
-86
Let v(c) = -c**2 + 243*c + 5541. Determine v(-21).
-3
Let h(d) = 83*d**2 + 14440*d - 354. Calculate h(-174).
-6
Let n(o) = -13*o**2 - 31*o + 88. Calculate n(3).
-122
Let x(h) = 4*h**2 + 13*h + 39. Calculate x(-4).
51
Let v(u) = u**3 + 19*u**2 + 118*u + 679. Determine v(-14).
7
Let g(f) = 3*f**3 + 16*f**2 + 68*f + 314. Give g(-5).
-1
Let u(t) = -80*t + 381. Determine u(8).
-259
Let q(v) = 5*v**3 - 137*v**2 - 86*v + 61. What is q(28)?
5
Let t(x) = -x**2 + 133*x - 878. Determine t(7).
4
Let n(y) = -y**2 - 1247*y - 7431. What is n(-6)?
15
Let i(m) = -m**3 - 3*m**2 + 36*m + 136. What is i(-6)?
28
Let b(l) = -l**3 - 7*l**2 + 8*l - 2. Give b(-8).
-2
Let u(w) = 25*w**2 - 153*w - 15. Determine u(6).
-33
Let x(u) = -u**2 + 12*u + 569. Calculate x(31).
-20
Let z(y) = -y**3 - 10*y**2 + 15*y + 42. Determine z(-11).
-2
Let p(a) = a**3 - 24*a**2 + 134*a + 6. Determine p(11).
-93
Let u(j) = -4*j**2 + 42*j + 11. Give u(9).
65
Let l(j) = 60*j - 907. Calculate l(15).
-7
Let j(c) = -4*c**3 + 885*c**2 - 220*c - 211. Determine j(221).
10
Let g(d) = d**2 - 3*d + 73. Calculate g(0).
73
Let c(v) = 3*v**3 - 106*v**2 + 33*v + 64. What is c(35)?
-6
Let j(a) = -a**3 + 13*a**2 + 12*a - 498. What is j(10)?
-78
Let n(c) = -170*c - 1. Determine n(0).
-1
Let h(t) = -4*t**2 + 285*t + 1848. Give h(-6).
-6
Let f(l) = -l**3 + 20*l**2 + 38*l + 69. Give f(22).
-63
Let w(h) = h**3 + 10*h**2 - 815*h - 37. Determine w(24).
-13
Let q(y) = -367*y + 15780. Give q(43).
-1
Let b(l) = l**2 - 51*l - 210. What is b(55)?
10
Let y(o) = 9*o + 125. What is y(-8)?
53
Let q(m) = m**3 - 16*m**2 - 7*m - 25. What is q(17)?
145
Let b(o) = o**2 + 61*o + 20. Give b(-60).
-40
Let a(z) = -5*z**3 - 129*z**2 + 28*z + 39. What is a(-26)?
-13
Let t(s) = s**2 - 249*s + 7499. Give t(35).
9
Let x(k) = k**3 + 19*k**2 + 47*k - 9. Calculate x(-16).
7
Let p(l) = 312*l - 26551. What is p(85)?
-31
Let b(y) = y**3 - 18*y**2 + 21*y - 81. What is b(17)?
-13
Let m(c) = -1590*c - 1584. What is m(-1)?
6
Let x(t) = -t**2 - 39*t - 254. Give x(-27).
70
Let k(p) = 165*p - 13549. Determine k(82).
-19
Let s(g) = 3*g**3 - 38*g**2 + 6*g - 217. Determine s(13).
30
Let f(q) = -81*q + 1. Give f(1).
-80
Let i(m) = 12*m**2 + 21*m + 19. Calculate i(-7).
460
Let a(l) = -160*l - 5604. Determine a(-35).
-4
Let d(q) = q**2 + 30*q - 37. Give d(-31).
-6
Let y(c) = 22*c**2 - 14*c - 12. Determine y(2).
48
Let w(b) = -b**2 - 10*b + 127. Give w(-17).
8
Let b(a) = a**3 + a**2 - 8*a - 13. Determine b(-4).
-29
Let a(o) = -o**3 - 28*o**2 - 33*o - 83. Calculate a(-27).
79
Let y(t) = -6*t**3 + 48*t**2 - 17. What is y(8)?
-17
Let p(l) = -151*l**2 + 13*l + 3. What is p(1)?
-135
Let f(c) = 22*c - 257. What is f(8)?
-81
Let v(i) = 2*i**3 - 433*i**2 - 213*i - 855. Determine v(217).
13
Let q(y) = 106*y - 45. Determine q(1).
61
Let g(o) = -4*o**2 - 5*o - 24. Calculate g(-4).
-68
Let x(j) = 158*j**2 + 78*j - 1. Give x(-1).
79
Let z(n) = -n**2 + 4*n + 705. Calculate z(29).
-20
Let h(g) = g**3 - 76*g**2 + 614*g - 107. Calculate h(9).
-8
Let u(y) = y**3 - 41*y**2 + y - 136. Give u(41).
-95
Let j(s) = s**3 + 13*s**2 + 28*s - 17. What is j(-7)?
81
Let p(g) = -g**2 - 35*g + 215. Calculate p(10).
-235
Let o(r) = r**2 + 941*r + 3753. Give o(-4).
5
Let g(o) = -42*o - 1516. Calculate g(-35).
-46
Let n(o) = -o**3 - 15*o**2 - 2*o + 120. Give n(-14).
-48
Let u(n) = n**3 - 5*n**2 + 2*n - 20. Calculate u(6).
28
Let l(p) = 56*p - 2684. What is l(44)?
-220
Let x(v) = -v**3 + 84*v**2 + 260*v + 85. Determine x(87).
-2
Let i(t) = t**3 + 55*t**2 + 236*t + 6897. Give i(-53).
7
Let q(s) = s**3 + 21*s**2 + 56*s + 58. Determine q(-18).
22
Let s(q) = 732*q - 4397. What is s(6)?
-5
Let v(s) = -s**3 + 34*s**2 - 117*s - 96. Give v(30).
-6
Let t(a) = 2*a**2 - 236*a + 3922. Give t(98).
2
Let r(h) = h**3 + 27*h**2 + 33*h - 43. Calculate r(-26).
-225
Let h(l) = 2*l**3 - l**2 - 96*l - 192. Determine h(-2).
-20
Let u(d) = d**2 - 105*d + 2101. Determine u(27).
-5
Let k(l) = 19*l - 263. Determine k(23).
174
Let j(x) = -11*x - 219. Give j(-2).
-197
Let v(w) = w**3 + 17*w**2 + 15*w + 55. Give v(-9).
568
Let a(k) = k**3 - 74*k**2 + 303*k - 2. What is a(4)?
90
Let f(k) = 382*k + 1955. Determine f(-6).
-337
Let x(y) = -y**3 + 57*y**2 - 346*y - 167. Determine x(50).
33
Let x(q) = -2*q**3 + 7*q**2 + 16*q + 39. Determine x(-3).
108
Let v(c) = c**3 - 83*c**2 + 324*c - 640. What is v(79)?
-8
Let q(c) = -33*c - 626. What is q(-19)?
1
Let f(v) = -680*v - 6112. Determine f(-9).
8
Let t(q) = q**3 - 19*q**2 - 48*q + 209. Calculate t(21).
83
Let i(o) = -94*o + 21. What is i(-2)?
209
Let r(f) = -2*f**2 + 36*f - 206. Calculate r(7).
-52
Let f(p) = p**3 - 16*p**2 - 12*p + 69. Give f(16).
-123
Let l(k) = 3*k + 227. Determine l(-11).
194
Let l(x) = -236*x + 1997. Give l(9).
-127
Let b(o) = -4*o**3 + 78*o**2 - 28*o + 84. Determine b(19).
274
Let h(u) = u**2 + 42*u - 63. Calculate h(-34).
-335
Let w(l) = 3*l**3 + 10*l**2 + 6*l + 62. Determine w(-5).
-93
Let k(c) = 7*c**2 - 17*c + 2. Calculate k(1).
-8
Let d(n) = n**3 + 11*n**2 - 18*n - 54. Determine d(-13).
-158
Let b(f) = -f**3 - 26*f**2 + 47*f + 1224. Calculate b(-26).
2
Let w(x) = 111*x + 12. Determine w(1).
123
Let w(i) = -2*i**2 + 28*i + 22. Give w(15).
-8
Let p(a) = -2853*a + 17115. Give p(6).
-3
Let y(x) = 7*x**2 - 219*x + 61. Determine y(31).
-1
Let j(u) = -748*u + 9001. Calculate j(12).
25
Let y(j) = -490*j + 980. What is y(2)?
0
Let i(o) = -2*o**3 + 18*o**2 - 40*o + 13. Calculate i(3).
1
Let w(k) = -5170*k - 36197. Determine w(-7).
-7
Let m(j) = 24*j**3 + 288*j**2 + 12*j + 146. Give m(-12).
2
Let d(o) = -37*o - 549. What is d(-15)?
6
Let f(x) = x**3 + x**2 + 14*x + 41. Calculate f(-2).
9
Let y(o) = -2*o**2 + 16*o - 9. Calculate y(7).
5
Let m(n) = -n**3 - 2*n**2 + 14*n - 2. Determine m(4).
-42
Let f(l) = 765*l + 6129. Calculate f(-8).
9
Let l(d) = 2*d**2 - 27*d - 49. Calculate l(-2).
13
Let p(b) = -2*b**3 + 36*b**2 - 100*b + 1211. What is p(17)?
89
Let f(j) = -237*j**2 - 6*j + 3. Calculate f(-1).
-228
Let j(n) = -2*n**3 - 11*n**2 + 27*n - 3. What is j(2)?
-9
Let m(g) = -g**3 - 14*g**2 + 7*g + 45. Give m(-14).
-53
Let p(a) = -47*a - 141. Give p(-19).
752
Let l(r) = -166*r + 78. What is l(1)?
-88
Let j(x) = 8*x**2 + 5*x + 32. Determine j(-3).
89
Let f(c) = -2*c**2 + 49*c + 60. Determine f(24).
84
Let j(f) = -f**2 + 28*f + 1. Calculate j(-5).
-164
Let w(v) = 7*v**2 - 76*v + 77. Give w(1).
8
Let v(u) = -4405*u - 22030. Determine v(-5).
-5
Let x(o) = o**3 - 3*o**2 - o + 6. What is x(2)?
0
Let y(i) = -188*i + 3190. Give y(17).
-6
Let n(o) = -2*o**3 - 64*o**2 - 118*o + 64. Determine n(-30).
4
Let c(j) = j**2 - 166*j - 3508. Calculate c(-19).
7
Let t(h) = 2063*h + 20625. Give t(-10).
-5
Let j(d) = 99*d - 147. Calculate j(3).
150
Let b(i) = -209*i - 3921. What is b(-22)?
677
Let o(b) = b**2 - 13*